 60. List the prime factors of p(-15).
3, 5
Let p(x) be the first derivative of 13*x**2/2 - 5*x + 2. Let y be p(5). List the prime factors of 2/8 - y/(-16).
2
What are the prime factors of ((-55)/2)/5*-38?
11, 19
Suppose 4*b = 3*j - 7 - 1, -3*j + 3*b = -6. Let x = j + 6. Suppose -s - x = -14. What are the prime factors of s?
2
Let x = 23 - -5. What are the prime factors of x?
2, 7
Let j be (-15)/(-20) + 25/4. Let o = 23 - j. What are the prime factors of o?
2
Let l(s) = 2*s**2 - 4*s + 6. List the prime factors of l(-4).
2, 3
Let t be (-3)/3 + (-6 - -1). Suppose -v = -4*z + 13, 2*z + 29 = 5*v + 4. What are the prime factors of (v + 0)*t/(-7)?
2, 3
Let y be 4*3*5/12. Suppose -y*x = -2*x - 18. What are the prime factors of x?
2, 3
Suppose -4*q + 20 = -0*q. Let z(b) = b**2 - 5*b - 6. Let w be z(q). List the prime factors of 16/w*(-6)/2.
2
Suppose 5*p = 4*i + 764, -3*p - 6*i + 3*i + 480 = 0. What are the prime factors of p?
2, 3, 13
Let c = -97 - -222. List the prime factors of c.
5
Suppose 12 = 2*r - 4*w, -6*r + 3*w = -2*r - 19. List the prime factors of r/((-33)/12 - -3).
2
Suppose 2*h + h = 42. Let g = 9 + h. What are the prime factors of g?
23
Let d(m) be the third derivative of -m**5/60 - m**4/6 - m**3/2 - m**2. Let h be d(-4). What are the prime factors of (-21)/(-4) + h/12?
5
Let y be (-4)/16 - 26/(-8). Suppose y*x - 6*x = -15. List the prime factors of x.
5
Let s = 102 - 57. Let t = -30 + s. List the prime factors of t.
3, 5
Suppose -1509 = -5*y + v, 1 = -3*v + 4. List the prime factors of y.
2, 151
Let f(u) = -u**3 + 3*u**2 + 7*u - 6. Let i be f(4). Suppose j = 3*d - 16, -j + 14 = 4*d - i*j. List the prime factors of d.
2, 3
Suppose 5*r = 5*w + 2*r - 80, 4*w + r - 64 = 0. What are the prime factors of w?
2
Let b(n) = n**2 - n - 2. Suppose -3 = d, -2*h + d - 2 + 3 = 0. Let o(q) = -q**3 + q**2 + q - 1. Let j(c) = h*o(c) + b(c). List the prime factors of j(2).
3
Let p(t) = t - 11. Suppose -9 = -5*o + 41. Let v be p(o). Let x(m) = 12*m**2 + 1. List the prime factors of x(v).
13
Suppose 5*j - 3*z = -6*z + 557, -3*z - 115 = -j. What are the prime factors of j?
2, 7
Suppose 2*h + m - 236 = 0, -h - 3*m = 10 - 138. List the prime factors of h.
2, 29
Suppose 5*z = 13 + 42. Let b be (-20)/3*6/4. Let m = z - b. What are the prime factors of m?
3, 7
Let x(i) = i**3 + 5*i**2 - 8*i + 6. What are the prime factors of x(-5)?
2, 23
Let c be 1*3*(-28)/(-21). Suppose c = q - 6. What are the prime factors of q?
2, 5
Let r = 26 + -12. What are the prime factors of (0 - 1) + (r - 5)?
2
Let h(w) = w**2 - w + 1. Let j be h(1). Suppose -q - j + 31 = 0. Suppose -q = -2*c - 3*c. What are the prime factors of c?
2, 3
Let d(r) = 2*r + 5 + 6 - 7 - r. Let i be d(5). What are the prime factors of ((-9)/6)/(i/(-12))?
2
Let v = -10 + 14. What are the prime factors of 136/14 + v/14?
2, 5
Suppose 85 = 4*a + 21. Let r = a + -9. Let g = r + -5. What are the prime factors of g?
2
Let s = -6 - -10. What are the prime factors of 30/s + (-6)/4?
2, 3
Let x = 392 - 182. List the prime factors of x.
2, 3, 5, 7
Suppose -l - 4*l = -20. Suppose d = l*d - 12. Suppose 0 = -5*f - 4*p - 1, 3*p + 8 + d = 0. What are the prime factors of f?
3
Let v(u) = 2*u - 2. Let f be v(2). Let o be 5/f*(3 + -23). What are the prime factors of (-14)/(-21) - o/6?
3
Let z = 165 - 104. What are the prime factors of z?
61
Suppose 6*z + v - 6 = 4*z, -z = 4*v - 10. What are the prime factors of z?
2
Let n(d) = -d + 3. Let g(k) = -k**2 + 3*k + 6. Let q be g(5). What are the prime factors of n(q)?
7
Let v = 47 - -24. What are the prime factors of v?
71
Let x = -11 - -15. Suppose 0 = -4*b + x*s + 36, -b - 16 = 5*s + 5. List the prime factors of b.
2
Suppose 5*n = a - 5*a + 2, -3*n - 2 = 4*a. Suppose n*j - 4 = 2. List the prime factors of j.
3
Let y = 2 - 4. Let r be y/(-4)*(3 + 3). Suppose 2*b = b + r. What are the prime factors of b?
3
Let v = -7 + 10. Suppose 119 = v*k - 0*k - 4*u, 0 = 2*k - 3*u - 80. List the prime factors of k.
37
Let t = -1 + 2. Let x = t - 17. Let m = 23 + x. What are the prime factors of m?
7
Let u(y) = -37*y**2 - y. Let k be u(2). Let j = -102 - k. List the prime factors of j.
2, 3
Let x(l) = -l**3 - 9*l**2 + 11*l + 9. Let t be x(-10). What are the prime factors of (8 - t)*(4 + -2)?
2, 3
Let p be 5 - (1 - (1 + -2)). What are the prime factors of p - (-4 + 8 - 3)?
2
Let x(k) = -2*k + 2. Suppose 4*c = 3*c - 8. What are the prime factors of x(c)?
2, 3
Let p(b) = -b**3 - 3*b**2 + b + 12. List the prime factors of p(-5).
3, 19
Let r(n) = 7*n - 16. Let o be r(12). Let w = 116 - o. What are the prime factors of w?
2, 3
Suppose -5*y + 6 = -9. Suppose -4*a + 4 = 0, -4 = -5*s + y*a + 58. List the prime factors of s.
13
What are the prime factors of -2*4/((-40)/115)?
23
Let h(u) = u**3 - 6*u**2 + 9*u - 3. List the prime factors of h(9).
3, 107
Suppose 0 = 4*p + 5*l - 890, -6*p + 8*p + 5*l = 440. List the prime factors of p.
3, 5
Suppose -4*m + 13 = m - c, 3*m + 1 = 5*c. Suppose 5*y - i - 49 = m*i, 3*y + 4*i = 55. List the prime factors of y.
13
Let c = -73 + 48. Let g = c - -44. What are the prime factors of g?
19
Let u(n) = n**2 - 7*n - 9. Let d be u(-9). Suppose -2*x + 3*b = b - 58, 5*x - d = -5*b. List the prime factors of x.
2, 7
Let s(r) = r**3 + 2*r**2 - r - 1. Let l(x) be the first derivative of -x**2/2 + x + 1. Let c(w) = l(w) - s(w). What are the prime factors of c(-2)?
2
Suppose -6*q = -4*q - 110. List the prime factors of q.
5, 11
Let i(u) = u**3 + 4*u**2 - 25*u - 10. List the prime factors of i(-7).
2, 3
Let j be 2*(-3)/(-3)*-7. Let u be j/(-6) + 2/(-6). Let x = u - 0. What are the prime factors of x?
2
Let b(f) = 2*f**2 + f + 1. List the prime factors of b(-1).
2
Suppose m = 2*m + 16. Let u = m + 50. What are the prime factors of u?
2, 17
What are the prime factors of (-2 - -120)/(3 - 1)?
59
Let o(v) = 4*v**3 - 6*v**2 + 7*v - 5. What are the prime factors of o(4)?
3, 61
Let v(z) = z - 8. Suppose 3*d = -1 + 34. List the prime factors of v(d).
3
Let b(o) = -o - 1. Let j be b(-2). Let n = j + -2. List the prime factors of ((-12)/15)/(n/10).
2
Let g(m) = -m + 84. Let x be g(0). Let t = x - 33. What are the prime factors of t?
3, 17
Suppose -k + 67 + 396 = 5*d, 3*d = 3*k + 285. List the prime factors of d.
3, 31
Suppose 6 = 4*r + 2. List the prime factors of (2 + (9 - r))*1.
2, 5
Suppose 4*x = -2*i - 2, -6*x - 4 = -i - 3*x. What are the prime factors of (i + 1)*(-82)/(-4)?
41
Suppose b - 3 - 2 = 0. Suppose 18 + 7 = b*h. List the prime factors of h.
5
Let p(b) = 2*b**2 + 6*b**3 - 6*b**2 + 4*b**2 - 1. List the prime factors of p(1).
5
What are the prime factors of (385/(-25) + 3)/((-2)/10)?
2, 31
Let v(s) be the second derivative of 5*s**4/12 - s**3/2 + 5*s**2/2 + 7*s. List the prime factors of v(3).
41
Suppose 0 = -2*t - t + 12. Suppose 5*f - t*f - 6 = 0. What are the prime factors of f?
2, 3
Suppose 3*p - 72 = -8*l + 4*l, -2*l + 36 = 2*p. List the prime factors of l.
2, 3
Suppose -9*g + 265 + 221 = 0. List the prime factors of g.
2, 3
Suppose 0*z = -2*z - 2*p + 2, -2*p = -4*z + 4. Let w = z + 2. What are the prime factors of (-24)/2*w/(-6)?
2, 3
Let k = -19 + 69. Let d = -20 + k. List the prime factors of d.
2, 3, 5
Let d = 123 + -81. What are the prime factors of d?
2, 3, 7
Let l = -4 + 4. Let t = l + 3. List the prime factors of t.
3
Let j be 1*1/(-1)*0. Let s(x) = -x**2 - x + 23. List the prime factors of s(j).
23
Suppose 3*l + g - 502 = 0, 3*l + 0*g - 504 = -3*g. List the prime factors of l.
167
Suppose -4*r - 5*m = 8, 2*r - 5*m = -2*m + 18. Let y be (r/(-6))/((-1)/10). Suppose 2*d - 28 = -4*c, -3*d - y*c + 21 + 17 = 0. List the prime factors of d.
2, 3
Let z = 38 - 23. Suppose -63 = -4*m - 4*f - z, -4*m - 3*f + 43 = 0. Suppose 0 = l - m. What are the prime factors of l?
7
Suppose 13 = 5*g - 22. Let v(r) = r + r - r + g. What are the prime factors of v(-5)?
2
Let j(n) = -1 + 13*n + 1 - 3. List the prime factors of j(2).
23
Let i be 1/3 - 39/9. Let d be 9*(1 - i/(-6)). Suppose 0 = -s - d*k + k + 3, 5*s + 4*k = 15. What are the prime factors of s?
3
Suppose 0*t + 5*t - 30 = 0. What are the prime factors of (-3)/9 + 86/t?
2, 7
Let a(j) = -j**3 - 8*j**2 - 5*j + 1. Let x be a(-6). Let g = -7 - x. What are the prime factors of g?
2, 17
Let q = 3 - -24. What are the prime factors of q?
3
Let 